4*s - 4*s = -1144. Suppose -s = -3*c + 4*o, -c - o + 61 = -5*o. What is the remainder when c is divided by 21?
20
Let v(n) = 20*n**3 - 2*n + 1. What is the remainder when (-444)/(-9)*9/12 is divided by v(1)?
18
What is the remainder when 138 is divided by (20/3)/((42/(-9))/(-7))?
8
Let j = 1093 + -1012. What is the remainder when 297 is divided by j?
54
What is the remainder when 115 is divided by 2 + 52 + -5 + (-5 - -5)?
17
Let j be 40/(-30)*(-6)/4. Suppose 5*a - j*a - 78 = 0. Calculate the remainder when 37 is divided by (a/4)/(9/18).
11
Suppose -5*n + 4*b + 23 - 4 = 0, 3*n - 5*b = 1. Let k(d) = -2*d**3 - 107*d**2 - 157*d - 27. What is the remainder when k(-52) is divided by n?
4
Let u = -2933 - -343. What is the remainder when 2/5 + u/(-25) is divided by 21?
20
Let m = 166 + -94. Calculate the remainder when m is divided by 25.
22
Let t(x) = -x**3 - 19*x**2 - 11*x + 129. What is the remainder when t(-18) is divided by 3 + (2 + 0)/(-2)?
1
Suppose 26 = -3*o - 10. Let s(c) = -c**2 - 13*c + 14. Calculate the remainder when s(o) is divided by 14.
12
Let c(v) = -30*v**2 - 2*v - 3. Let n be c(-2). Suppose 3*r - 24 = -r. Calculate the remainder when (-1 + 3)/((-14)/n) is divided by r.
5
Suppose -2*a - 12 = 5*p - 40, 0 = 3*a - 12. Suppose 3 = -p*f + 15. Calculate the remainder when 19 is divided by f.
1
Suppose 10*z + t = 15*z - 595, 4*z - t = 475. Suppose 7*k = 2*k + 155. Calculate the remainder when z is divided by k.
27
What is the remainder when (-5 - -2) + 27 + 8/4 is divided by 5?
1
Calculate the remainder when (-333)/(-12) - (-4 - 45/(-12)) is divided by 14.
0
Let q(m) = 3*m + 14. Let f be q(-5). What is the remainder when 87 is divided by ((-3)/f)/((-6)/(-44))?
21
Let o = 19 + -9. Calculate the remainder when (7/4)/(0 + (-3)/(-48)) is divided by o.
8
Suppose 5 = 2*i - 5. Suppose i*o - 65 = 100. Calculate the remainder when o is divided by 18 - (-1 + 2) - -1.
15
Let n(k) = 4*k + 20. Let j be n(19). Suppose -v + 4*v = j. What is the remainder when v is divided by 7?
4
Let b(h) = 6*h + 56. Let j(f) = 5*f + 56. Let k(x) = 2*b(x) - 3*j(x). Calculate the remainder when 49 is divided by k(-23).
10
Let n(g) = 11*g**2 - g + 1. Let p(l) = 5*l + 1 + l**3 - 2*l**3 + 71*l**2 - 75*l**2. Let b be p(-5). Calculate the remainder when 31 is divided by n(b).
9
Let o(x) = x**3 + 8*x**2 - x - 7. Let h be o(-8). Let m = 7 - h. Let u(k) = k**3 + 4*k**2 + 1. What is the remainder when u(-3) is divided by m?
4
Let q = 18 + -34. Let s = 119 - -1513. What is the remainder when ((-2)/6)/(q/s) is divided by 18?
16
Suppose -3*u = 3*z - 270, -16*u - z = -18*u + 192. What is the remainder when u is divided by 17?
9
Let s be (16/(-6))/(8/12). Let o(n) = -4*n - 11. Let l be o(s). Calculate the remainder when 78 is divided by -1 + l + (-16)/(-1).
18
Suppose 892*s - 890*s = 16. Calculate the remainder when 62 is divided by s.
6
Let v be 230/(-18) - 24/108. Let p = 23 + v. What is the remainder when 37 is divided by p?
7
Let t(r) = 5*r - 15. Calculate the remainder when 839 is divided by t(5).
9
Let r = 6 + 86. Suppose -4*l - t + r = 0, 2*l - 6*l + t + 84 = 0. Calculate the remainder when 4/(-18) - 778/(-18) is divided by l.
21
Let y(m) = -m**3 - 9*m**2 + 35*m + 3. Calculate the remainder when 117 is divided by y(-12).
12
Let c = 193 + -160. Let m be (-1)/(-2)*86*1. Let h = -26 + m. Calculate the remainder when c is divided by h.
16
Suppose -5*d = -4*t + 3*t + 66, -5*t + 225 = -4*d. Let k(o) = -o**2 + 24*o + 61. What is the remainder when t is divided by k(26)?
5
Suppose -31*f - 246 = -34*f. Calculate the remainder when f is divided by 29.
24
Let i = 120 - 80. What is the remainder when 77 is divided by i?
37
Suppose -13*z - 1104 = -36*z. Calculate the remainder when z is divided by 17.
14
Let b(w) = -w**3 + 8*w**2 - 4*w - 10. Suppose 3*i = 24 + 54. What is the remainder when i is divided by b(7)?
4
Let k be (4 - -1)/(1/16). Let f = k - 60. What is the remainder when 54 is divided by f?
14
Suppose 25 = 4*l - 5*t, 4*t = -0*l - 3*l - 20. Suppose -2*p - 2*a - 24 + 76 = l, p + 3*a = 28. What is the remainder when 148 is divided by p?
23
Let u be -3 - -15*(4 - 3). Calculate the remainder when 44 is divided by (u - 0)*25/20.
14
Let q be (-38)/(-6) - (-16)/24. Suppose 0 = -11*h + q*h + 64. Suppose -19 = -2*a + 105. What is the remainder when a is divided by h?
14
Suppose 0 = -2*c - 3*s + 4, 5*c + 3*s + 0*s = 19. Suppose 4*x - f = 47, 3*f - 2*f = -c*x + 61. Calculate the remainder when 57 is divided by x.
9
Let z = 12 - 9. Suppose -5*d - 4 = -3*h, 3*h + 2*d + z*d = 14. Suppose 0 = -a - t + 12, -4*t + h = 15. What is the remainder when 42 is divided by a?
12
Suppose 184*o + 354 = 186*o. What is the remainder when o is divided by 52?
21
Let b = 30 - 55. Let d = 64 + b. What is the remainder when 76 is divided by d?
37
Suppose 301 = 82*j - 75*j. Calculate the remainder when 341 is divided by j.
40
Let n = -337 + 383. Let j(y) = -17*y**3 - y**2. Suppose 2*v + 3 = -v. What is the remainder when n is divided by j(v)?
14
Suppose v = -2*v. Suppose v = -a + 6*a - 220. Suppose -t - t = -a. Calculate the remainder when 65 is divided by t.
21
Let i(k) = -30*k. Let q be i(-3). Let d = q + -72. Calculate the remainder when 303 is divided by d.
15
Suppose 0 = 3*r - 3*w - 42, -4*r + 82 = 4*w - 14. Suppose 19*l = -2*l + 147. Calculate the remainder when r is divided by l.
5
Suppose -3*k = b - 374, -143 = -27*k + 26*k - 4*b. Calculate the remainder when k is divided by 4.
3
Let a(o) = 15*o**3 + 3*o**2 - 3*o - 7. What is the remainder when a(3) is divided by 35?
31
Let m = 304 - 297. What is the remainder when 237 is divided by m?
6
Let u(h) = -h + 15. Suppose 3*g - g - 1 = 3*t, -3*t = 4*g + 25. Let i(w) = -5*w - 4. Let c be i(t). What is the remainder when 6 is divided by u(c)?
2
Suppose 5*k + 123 + 52 = t, t + 5*k - 125 = 0. Let l = t - 97. What is the remainder when l is divided by 18?
17
Calculate the remainder when 614 is divided by -9*114/(-45)*(-60)/(-9).
6
Suppose 0 = o + 4*d - 29, 2*o - 4*d - 13 = o. Calculate the remainder when 38 is divided by o.
17
Let p = -14 + 23. Suppose -3*c = p, -5*x - 216 = -x + 4*c. What is the remainder when 49 is divided by ((-2)/6)/(1/x)?
15
Suppose 0 = 16*n - 25*n + 468. What is the remainder when 830 is divided by n?
50
Let h(q) = q**2 + q - 20. Let j be h(0). Let l = j + 41. Suppose -5*i + 2*i = -120. What is the remainder when i is divided by l?
19
Suppose 0 = 5*w - 7 - 8. Suppose 6*x - w*x - 57 = 0. Let z(g) = 2*g**3 - 18*g**2 + 2*g - 11. Calculate the remainder when x is divided by z(9).
5
What is the remainder when -3 - -1*2600/10 is divided by 43?
42
Let f(g) = -g**3 - 8*g**2 + 23*g + 16. Let m be f(-9). Let t = m - -173. What is the remainder when t is divided by 22?
19
Let q = -4 - 8. What is the remainder when 123 is divided by ((-75)/q)/((-5)/(-20))?
23
Calculate the remainder when 149 is divided by (-12)/(-20) + 0 + (-6606)/(-90).
1
Let q = 41 - 40. Let r = -14 - -35. Calculate the remainder when r is divided by 5 - (0 + -4 + q).
5
Let y(d) = -7*d + 2*d**2 - 6*d**2 - 2*d**3 + d**3 - 2*d**2. What is the remainder when 18 is divided by y(-5)?
8
Calculate the remainder when (18/21)/((-4)/(-504)) is divided by 24.
12
Suppose 5*z - 3*c = 51, -2*z + 0*c - 2*c = -30. Suppose 2*n = -0*n + 70. Calculate the remainder when n is divided by z.
11
Suppose 2*z + 3*z = 40. Let t = 17 + z. Calculate the remainder when t is divided by (-2)/(-2)*(0 + 9).
7
Calculate the remainder when 310 is divided by 77 + -3 + (-14)/(-6)*3.
67
Let l(q) = 2*q**2 + 9*q + 33. What is the remainder when 96 is divided by l(-6)?
45
Let f = -34 - -50. Let t = 37 - f. Calculate the remainder when 146 is divided by t.
20
Let f(m) = -3*m. Let i be f(-1). Let y = i - 3. What is the remainder when (-6)/3*(-20 - y) is divided by 6?
4
Let f(w) = -13 - 7*w + 6 + 5 - 1. What is the remainder when 29 is divided by f(-2)?
7
Let v(w) = -w + 38. What is the remainder when 29 is divided by v(11)?
2
Let x be (-3 + (-9)/(-3))/3. Suppose x = 3*k - 21 + 12. What is the remainder when 6 - -2*(-2 - -1) is divided by k?
1
Suppose -1057*p + 1064*p - 4298 = 0. What is the remainder when p is divided by 41?
40
Let z be (0 + -2)*(-5)/10. Let f = z - -3. Suppose -2*d + 28 = 8. What is the remainder when d is divi